nvert 338702 (base 10) to base 3.
122012121112
Convert -a91aa2 (base 15) to base 14.
-10d97a0
-23531461 (base 8) to base 9
-10631006
24034320 (base 5) to base 15
45825
Convert -121201102201212 (base 3) to base 2.
-100001111001010101010100
-1110111110001010 (base 2) to base 13
-21bb1
What is -21e62 (base 16) in base 2?
-100001111001100010
Convert -144453522 (base 6) to base 11.
-1786314
-1381660 (base 11) to base 5
-1101431330
547305 (base 8) to base 15
397c0
Convert 611427 (base 16) to base 8.
30212047
What is -94a49 (base 11) in base 10?
-138356
-457535 (base 8) to base 5
-14433420
What is -21012200021100 (base 3) in base 15?
-50a54c
What is -230233013 (base 4) in base 9?
-308318
-483c5a (base 14) to base 15
-33b993
Convert 31035 (base 8) to base 9.
18534
What is -22437672 (base 8) in base 13?
-1014aa0
-30222210 (base 4) to base 10
-51876
-4b8c5c (base 13) to base 16
-1bc190
What is 310131114 (base 5) in base 13?
34c3c9
47298 (base 15) to base 7
1632662
-4573b9 (base 12) to base 15
-16e5bc
Convert 736211 (base 8) to base 4.
323302021
What is -33000023 (base 4) in base 3?
-10010021222
Convert 361d16 (base 16) to base 9.
6604653
12056 (base 10) to base 14
4572
-2012201003 (base 4) to base 6
-15450455
What is -14b36 (base 16) in base 15?
-1a1ca
-2030263 (base 7) to base 13
-8659c
What is 3c097 (base 13) in base 15?
23381
33202020310 (base 4) to base 15
5567ad
-283423 (base 9) to base 15
-36463
-6131062 (base 9) to base 6
-154014215
What is cded (base 16) in base 3?
2200022111
-100011122220 (base 3) to base 2
-101100000101000010
Convert 260313 (base 7) to base 6.
1011013
-1133740 (base 8) to base 5
-34343331
What is -1a97113 (base 11) in base 4?
-31130023130
What is 66639 (base 11) in base 3?
11220111210
Convert 16601342 (base 8) to base 5.
1442223422
-64786 (base 15) to base 12
-1346b3
Convert -71bb32 (base 15) to base 4.
-110213303021
What is 205044 (base 6) in base 4?
10010110
-117a6 (base 14) to base 4
-22122312
What is -755a23 (base 12) in base 4?
-13011001323
3769217 (base 10) to base 5
1431103332
What is -18d51 (base 14) in base 16?
-f60b
Convert 122521 (base 8) to base 7.
234246
What is -13a1824 (base 12) in base 5?
-2002131443
Convert 7036246 (base 10) to base 11.
3a76488
What is 1843a1 (base 13) in base 16?
94bb7
Convert 34352454 (base 7) to base 11.
177241a
Convert -113104525 (base 6) to base 5.
-1014431412
Convert -30871 (base 14) to base 5.
-12220130
Convert -1454332 (base 10) to base 14.
-29c00c
What is -2001000111211 (base 3) in base 4?
-10020120322
11011001010010000101 (base 2) to base 15
128a79
What is -10070975 (base 10) in base 8?
-46325677
Convert -10100100110001100101 (base 2) to base 12.
-2866b1
-43230234 (base 5) to base 10
-367569
What is b8c6e (base 16) in base 6?
24115530
-8038 (base 12) to base 7
-55301
-300000123 (base 4) to base 14
-51935
53c9d6 (base 16) to base 14
a2d218
Convert -1b8691 (base 13) to base 5.
-140013142
-434340 (base 5) to base 7
-61434
What is 5265ab (base 13) in base 15?
2812c0
What is 2025477 (base 8) in base 7?
4356546
11010000021021 (base 3) to base 10
2185009
Convert c5b8c (base 13) to base 6.
11342420
-125003521 (base 6) to base 13
-687b98
Convert -11624566 (base 7) to base 8.
-3777665
-1104c05 (base 13) to base 2
-10011110111101101011011
-68ba0 (base 16) to base 2
-1101000101110100000
What is -265662 (base 7) in base 8?
-141631
What is -222ab8 (base 13) in base 4?
-3010300313
10100011011011011011 (base 2) to base 6
22203031
Convert 2578154 (base 9) to base 14.
289bd6
What is -c831d7 (base 14) in base 12?
-2325889
624c3 (base 14) to base 11
15201a
29ff (base 16) to base 12
627b
Convert 110470 (base 9) to base 3.
10100112100
-1222224014 (base 5) to base 10
-2929884
What is 222aa (base 13) in base 10?
61994
Convert -11441134244 (base 5) to base 13.
-2a890aa
What is 1036160 (base 7) in base 5?
13031001
404a68 (base 12) to base 10
1003760
Convert -11120022212011 (base 3) to base 16.
-250a4a
Convert -433302 (base 7) to base 16.
-12759
What is 4344426 (base 8) in base 7?
12623136
3454051 (base 8) to base 15
138818
Convert -494d2e (base 15) to base 9.
-6538228
111100001110100110 (base 2) to base 7
2045140
-816809 (base 15) to base 7
-103153164
What is 105535165 (base 7) in base 10?
6446095
-22030110102 (base 4) to base 16
-28c512
Convert -732ac6 (base 14) to base 11.
-2215927
What is 103968 (base 11) in base 10?
166207
-45141562 (base 7) to base 4
-32322131110
What is -21331214 (base 5) in base 7?
-1362300
Convert 110556 (base 10) to base 4.
122333130
21010000121201 (base 3) to base 8
16326003
15910020 (base 10) to base 8
74542204
-381262 (base 10) to base 8
-1350516
Convert 10210122333 (base 4) to base 3.
2020212000110
Convert 2126361 (base 9) to base 3.
2010220102001
What is 435134 (base 6) in base 13?
135a3
Convert 144612533 (base 7) to base 9.
20113035
Convert 2c159 (base 13) to base 9.
136762
What is 323c11 (base 14) in base 11?
a61a06
What is 437011 (base 8) in base 6?
3052201
-7708445 (base 10) to base 8
-35317435
1012122100010 (base 3) to base 5
131024440
Convert 22310120 (base 4) to base 5.
2404222
Convert ded9 (base 15) to base 2.
1011100001111101
What is -2671717 (base 8) in base 4?
-2313033033
4310034 (base 7) to base 12
212b03
-122222212020 (base 3) to base 7
-3003426
-211222013 (base 4) to base 15
-30a82
What is -2001121212 (base 3) in base 5?
-2244200
-101000111110010101000 (base 2) to base 4
-11013302220
-674684 (base 9) to base 4
-1202203303
486b81 (base 12) to base 3
2012121102021
What is 45c13e (base 15) in base 4?
30231111101
Convert 73576e (base 15) to base 6.
313330222
What is 425627 (base 10) in base 14?
b117d
What is -116131354 (base 7) in base 10?
-7318777
d5a00 (base 14) to base 15
a2943
What is -212011220001 (base 3) in base 6?
-13440214
1011000001100001011000 (base 2) to base 12
b74420
What is -e8b23 (base 15) in base 8?
-2641722
-11001101010100 (base 2) to base 5
-410030
What is 1155712 (base 9) in base 6?
21241102
-3042362 (base 11) to base 3
-101010010221201
-10011110000110010110 (base 2) to base 16
-9e196
Convert -110101101100010001 (base 2) to base 13.
-79140
-33110101 (base 4) to base 6
-1202241
-2220122020111 (base 3) to base 9
-2818214
What is 101100110011111111101000 (base 2) in base 13?
2583c8a
What is -1142800 (base 11) in base 9?
-3670321
What is 1c4d2 (base 15) in base 13?
32c90
Convert 86a2d1 (base 14) to base 5.
2131423403
What is 33506102 (base 7) in base 16?
2c6618
111662 (base 12) to base 6
5500202
Convert 3c06c5 (base 16) to base 5.
2001341033
Convert 1252023 (base 6) to base 13.
25611
-16c72d (base 16) to base 15
-1e748b
363998 (base 12) to base 6
30450312
3404480 (base 10) to base 7
40636412
What is -12b02c (base 15) in base 11?
-563585
-a9210 (base 14) to base 10
-409262
What is -16b1 (base 16) in base 10?
-5809
What is -104561 (base 9) in base 13?
-2254c
What is -22479 (base 11) in base 4?
-13330002
What is 327846 (base 9) in base 2?
101111110111011110
221112022120 (base 3) to base 10
502512
Convert -313313321 (base 4) to base 5.
-24310412
Convert -233065 (base 8) to base 2.
-10011011000110101
What is 1011100222202 (base 3) in base 9?
1140882
Convert 2390b (base 15) to base 5.
12112121
What is 206705 (base 12) in base 13?
14a914
Convert 159aa2 (base 13) to base 12.
21a011
-82a00 (base 13) to base 7
-1664612
Convert 32540056 (base 7) to base 12.
b30187
Convert -1304023012 (base 5) to base 12.
-1099690
-1a4c4 (base 16) to base 6
-2150404
What is -11000001111000010 (base 2) in base 13?
-3624b
Convert -30477 (base 9) to base 11.
-140a2
What is -9397a7 (base 12) in base 10?
-2318383
-1253404 (base 6) to base 12
-34264
202519 (base 13) to base 14
156779
Convert -320c1c (base 14) to base 15.
-236807
Convert -132003223 (base 4) to base 2.
-11110000011101011
Convert -2203133203 (base 4) to base 12.
-283657
-202022002210 (base 3) to base 8
-1414317
-616182 (base 9) to base 6
-11455332
What is -2982f (base 16) in base 12?
-82493
What is -b148bb (base 12) in base 7?
-32340263
1261378 (base 9) to base 13
1b206c
What is 65312375 (base 8) in base 13?
2b91141
14235564 (base 7) to base 16
146682
What is -14c28 (base 13) in base 12?
-1a983
Convert -166664 (base 9) to base 8.
-311645
Convert 4e2999 (base 15) to base 8.
16246241
-53501035 (base 6) to base 16
-18170f